{"id":98,"date":"2025-04-22T11:59:02","date_gmt":"2025-04-22T09:59:02","guid":{"rendered":"http:\/\/qualio314.fr\/Qualio3.14\/index.php\/blog\/"},"modified":"2025-06-05T14:56:20","modified_gmt":"2025-06-05T12:56:20","slug":"blog","status":"publish","type":"page","link":"https:\/\/www.qualio314.fr\/index.php\/blog\/","title":{"rendered":"Blog"},"content":{"rendered":"\n    \n    <section class=\"u-align-center u-clearfix u-container-align-center u-palette-1-base u-section-2\" src=\"\" id=\"carousel_3dba\" data-image-width=\"1980\" data-image-height=\"878\">\n      <div class=\"u-clearfix u-sheet u-valign-middle u-sheet-1\">\n        <h1 class=\"u-align-center u-text u-text-default-lg u-text-default-xl u-text-1\">Venez suivre nos actualit\u00e9s <\/h1>\n      <\/div>\n    <\/section>\n    <section class=\"u-clearfix u-white u-section-3\" id=\"block-1\">\n      <div class=\"u-clearfix u-sheet u-valign-middle-lg u-valign-middle-sm u-sheet-1\">\n        <div class=\"u-blog u-container-style u-expanded-width-md u-expanded-width-sm u-expanded-width-xs u-sorting-right u-blog-1\" data-site-sorting-prop=\"created\" data-site-sorting-order=\"desc\" data-max-items=\"24\">\n          <div class=\"has-sorting u-list-control\"><\/div>\n          <div class=\"u-repeater u-repeater-1\">\n            <div class=\"u-blog-post u-container-style u-repeater-item\">\n              <div class=\"u-container-layout u-similar-container u-valign-bottom-md u-valign-bottom-sm u-valign-bottom-xs u-container-layout-1\"><a class=\"u-blog-control u-expanded-width u-image u-image-default u-image-1\" href=\"https:\/\/www.qualio314.fr\/index.php\/2026\/01\/15\/la-formation-professionnelle-a-lhorizon-2035-sadapter-aux-transitions-jumelles\/\">\n                <img decoding=\"async\" src=\"https:\/\/www.qualio314.fr\/wp-content\/uploads\/2026\/01\/ChatGPT-Image-15-janv.-2026-21_54_10.jpg\" alt=\"\" class=\"u-blog-control u-expanded-width u-image u-image-default u-image-1\"><\/a>\n                <h2 class=\"u-blog-control u-text u-text-1\">\n                  <a class=\"u-post-header-link\" href=\"https:\/\/www.qualio314.fr\/index.php\/2026\/01\/15\/la-formation-professionnelle-a-lhorizon-2035-sadapter-aux-transitions-jumelles\/\">La Formation Professionnelle \u00e0 l'Horizon 2035 : S'adapter aux Transitions Jumelles<\/a>\n                <\/h2>\n                <div class=\"u-blog-control u-metadata u-text-palette-2-base u-metadata-1\"><span class=\"u-meta-date u-meta-icon\">15 janvier 2026<\/span><span class=\"u-meta-category u-meta-icon\"><a class=\"u-textlink\" href=\"https:\/\/www.qualio314.fr\/index.php\/category\/non-classe\/\" rel=\"category tag\">Non class\u00e9<\/a>, <a class=\"u-textlink\" href=\"https:\/\/www.qualio314.fr\/index.php\/category\/formateur\/\" rel=\"category tag\">formateur<\/a>, <a class=\"u-textlink\" href=\"https:\/\/www.qualio314.fr\/index.php\/category\/intelligence-artificielle\/\" rel=\"category tag\">intelligence artificielle<\/a>, <a class=\"u-textlink\" href=\"https:\/\/www.qualio314.fr\/index.php\/category\/organisme-de-formation\/\" rel=\"category tag\">Organisme de formation<\/a>, <a class=\"u-textlink\" href=\"https:\/\/www.qualio314.fr\/index.php\/category\/qualiopi\/\" rel=\"category tag\">Qualiopi<\/a><\/span>\n                <\/div>\n                <div class=\"u-blog-control u-post-content u-text u-text-2\"><p>\nAnalyse prospective des besoins en comp\u00e9tences et des adaptations n\u00e9cessaires \u00e0 l'\u00e8re de l'IA et de la transition \u00e9cologique\n\n\n\nSylvain Delahaye \u2013 &hellip;<\/p>\n                <\/div>\n                <a href=\"https:\/\/www.qualio314.fr\/index.php\/2026\/01\/15\/la-formation-professionnelle-a-lhorizon-2035-sadapter-aux-transitions-jumelles\/\" class=\"u-blog-control u-border-2 u-border-no-left u-border-no-right u-border-no-top u-border-palette-1-base u-btn u-btn-rectangle u-button-style u-none u-btn-1\">Lire plus<\/a>\n              <\/div>\n            <\/div>\n            <div class=\"u-blog-post u-container-style u-repeater-item\">\n              <div class=\"u-container-layout u-similar-container u-valign-bottom-md u-valign-bottom-sm u-valign-bottom-xs u-container-layout-2\"><a class=\"u-blog-control u-expanded-width u-image u-image-default u-image-2\" href=\"https:\/\/www.qualio314.fr\/index.php\/2025\/04\/23\/sst-en-entreprise\/\">\n                <img decoding=\"async\" src=\"https:\/\/www.qualio314.fr\/wp-content\/uploads\/2025\/04\/etudiant-en-medecine-faisant-leur-pratique-dans-un-hopital-min-scaled.jpg\" alt=\"L'int\u00e9r\u00eat d'avoir du personnel SST en entreprise\" class=\"u-blog-control u-expanded-width u-image u-image-default u-image-2\"><\/a>\n                <h2 class=\"u-blog-control u-text u-text-3\">\n                  <a class=\"u-post-header-link\" href=\"https:\/\/www.qualio314.fr\/index.php\/2025\/04\/23\/sst-en-entreprise\/\">L'int\u00e9r\u00eat d'avoir du personnel SST en entreprise<\/a>\n                <\/h2>\n                <div class=\"u-blog-control u-metadata u-text-palette-2-base u-metadata-2\"><span class=\"u-meta-date u-meta-icon\">23 avril 2025<\/span><span class=\"u-meta-category u-meta-icon\"><a class=\"u-textlink\" href=\"https:\/\/www.qualio314.fr\/index.php\/category\/sst\/\" rel=\"category tag\">SST<\/a>, <a class=\"u-textlink\" href=\"https:\/\/www.qualio314.fr\/index.php\/category\/sauveteur-secouriste-au-travail\/\" rel=\"category tag\">sauveteur secouriste au travail<\/a><\/span>\n                <\/div>\n                <div class=\"u-blog-control u-post-content u-text u-text-4\"><p>\nIntroduction\n\n\n\nLa s\u00e9curit\u00e9 et la sant\u00e9 au travail sont des piliers fondamentaux de toute organisation durable. Former du personnel en tant que &hellip;<\/p>\n                <\/div>\n                <a href=\"https:\/\/www.qualio314.fr\/index.php\/2025\/04\/23\/sst-en-entreprise\/\" class=\"u-blog-control u-border-2 u-border-no-left u-border-no-right u-border-no-top u-border-palette-1-base u-btn u-btn-rectangle u-button-style u-none u-btn-2\">Lire plus<\/a>\n              <\/div>\n            <\/div>\n            <div class=\"u-blog-post u-container-style u-repeater-item\">\n              <div class=\"u-container-layout u-similar-container u-valign-bottom-md u-valign-bottom-sm u-valign-bottom-xs u-container-layout-3\"><a class=\"u-blog-control u-expanded-width u-image u-image-default u-image-3\" href=\"https:\/\/www.qualio314.fr\/index.php\/2025\/04\/23\/ia-et-conscience\/\">\n                <img decoding=\"async\" src=\"https:\/\/www.qualio314.fr\/wp-content\/uploads\/2025\/04\/portrait-person-ai-robot-min-scaled.jpg\" alt=\"L\u2019IA, la conscience humaine et l\u2019avenir des soci\u00e9t\u00e9s : entre progr\u00e8s collectif et perte de libert\u00e9\" class=\"u-blog-control u-expanded-width u-image u-image-default u-image-3\"><\/a>\n                <h2 class=\"u-blog-control u-text u-text-5\">\n                  <a class=\"u-post-header-link\" href=\"https:\/\/www.qualio314.fr\/index.php\/2025\/04\/23\/ia-et-conscience\/\">L\u2019IA, la conscience humaine et l\u2019avenir des soci\u00e9t\u00e9s<\/a>\n                <\/h2>\n                <div class=\"u-blog-control u-metadata u-text-palette-2-base u-metadata-3\"><span class=\"u-meta-date u-meta-icon\">23 avril 2025<\/span><span class=\"u-meta-category u-meta-icon\"><a class=\"u-textlink\" href=\"https:\/\/www.qualio314.fr\/index.php\/category\/intelligence-artificielle\/\" rel=\"category tag\">intelligence artificielle<\/a><\/span>\n                <\/div>\n                <div class=\"u-blog-control u-post-content u-text u-text-6\"><p>\nL\u2019essor de l\u2019intelligence artificielle marque une rupture sans pr\u00e9c\u00e9dent dans l\u2019histoire humaine. Si elle se pr\u00e9sente comme un outil d\u2019optimisation&hellip;<\/p>\n                <\/div>\n                <a href=\"https:\/\/www.qualio314.fr\/index.php\/2025\/04\/23\/ia-et-conscience\/\" class=\"u-blog-control u-border-2 u-border-no-left u-border-no-right u-border-no-top u-border-palette-1-base u-btn u-btn-rectangle u-button-style u-none u-btn-3\">Lire plus<\/a>\n              <\/div>\n            <\/div>\n            <div class=\"u-blog-post u-container-style u-repeater-item\">\n              <div class=\"u-container-layout u-similar-container u-valign-bottom-md u-valign-bottom-sm u-valign-bottom-xs u-container-layout-4\"><a class=\"u-blog-control u-expanded-width u-image u-image-default u-image-4\" href=\"https:\/\/www.qualio314.fr\/index.php\/2025\/04\/23\/metier-de-formateur\/\">\n                <img decoding=\"async\" src=\"https:\/\/www.qualio314.fr\/wp-content\/uploads\/2025\/04\/close-up-collegues-apprenant-au-travail-min-scaled.jpg\" alt=\"M\u00e9tier de formateur : transmettre \u00e0 l\u2019\u00e8re num\u00e9rique\" class=\"u-blog-control u-expanded-width u-image u-image-default u-image-4\"><\/a>\n                <h2 class=\"u-blog-control u-text u-text-7\">\n                  <a class=\"u-post-header-link\" href=\"https:\/\/www.qualio314.fr\/index.php\/2025\/04\/23\/metier-de-formateur\/\">M\u00e9tier de formateur : l\u2019art de transmettre \u00e0 l\u2019\u00e8re num\u00e9rique<\/a>\n                <\/h2>\n                <div class=\"u-blog-control u-metadata u-text-palette-2-base u-metadata-4\"><span class=\"u-meta-date u-meta-icon\">23 avril 2025<\/span><span class=\"u-meta-category u-meta-icon\"><a class=\"u-textlink\" href=\"https:\/\/www.qualio314.fr\/index.php\/category\/organisme-de-formation\/\" rel=\"category tag\">Organisme de formation<\/a>, <a class=\"u-textlink\" href=\"https:\/\/www.qualio314.fr\/index.php\/category\/formateur\/\" rel=\"category tag\">formateur<\/a><\/span>\n                <\/div>\n                <div class=\"u-blog-control u-post-content u-text u-text-8\"><p>\nComp\u00e9tences cl\u00e9s, posture et pratiques pour former avec impact\n\n\n\nLe formateur d\u2019aujourd\u2019hui n\u2019est plus seulement un transmetteur de savoirs. Il &hellip;<\/p><\/div>\n                <a href=\"https:\/\/www.qualio314.fr\/index.php\/2025\/04\/23\/metier-de-formateur\/\" class=\"u-blog-control u-border-2 u-border-no-left u-border-no-right u-border-no-top u-border-palette-1-base u-btn u-btn-rectangle u-button-style u-none u-btn-4\">Lire plus<\/a>\n              <\/div>\n            <\/div>\n            <div class=\"u-blog-post u-container-style u-repeater-item\">\n              <div class=\"u-container-layout u-similar-container u-valign-bottom-md u-valign-bottom-sm u-valign-bottom-xs u-container-layout-1\"><a class=\"u-blog-control u-expanded-width u-image u-image-default u-image-1\" href=\"https:\/\/www.qualio314.fr\/index.php\/2025\/04\/22\/qualiopi-pour-of\/\">\n                <img decoding=\"async\" src=\"https:\/\/www.qualio314.fr\/wp-content\/uploads\/2025\/04\/businesspeople-resoudre-un-labyrinthe-min-scaled.jpg\" alt=\"Qualiopi : Un s\u00e9same ou un labyrinthe pour les organismes de formation ?\" class=\"u-blog-control u-expanded-width u-image u-image-default u-image-1\"><\/a>\n                <h2 class=\"u-blog-control u-text u-text-1\">\n                  <a class=\"u-post-header-link\" href=\"https:\/\/www.qualio314.fr\/index.php\/2025\/04\/22\/qualiopi-pour-of\/\">Qualiopi : Un s\u00e9same ou un labyrinthe pour les organismes de formation ?<\/a>\n                <\/h2>\n                <div class=\"u-blog-control u-metadata u-text-palette-2-base u-metadata-1\"><span class=\"u-meta-date u-meta-icon\">22 avril 2025<\/span><span class=\"u-meta-category u-meta-icon\"><a class=\"u-textlink\" href=\"https:\/\/www.qualio314.fr\/index.php\/category\/qualiopi\/\" rel=\"category tag\">Qualiopi<\/a>, <a class=\"u-textlink\" href=\"https:\/\/www.qualio314.fr\/index.php\/category\/organisme-de-formation\/\" rel=\"category tag\">Organisme de formation<\/a><\/span>\n                <\/div>\n                <div class=\"u-blog-control u-post-content u-text u-text-2\">Depuis le 1er janvier 2022, la certification Qualiopi est devenue obligatoire pour les organismes de formation souhaitant acc\u00e9der \u00e0 des financements &hellip;\n                <\/div>\n                <a href=\"https:\/\/www.qualio314.fr\/index.php\/2025\/04\/22\/qualiopi-pour-of\/\" class=\"u-blog-control u-border-2 u-border-no-left u-border-no-right u-border-no-top u-border-palette-1-base u-btn u-btn-rectangle u-button-style u-none u-btn-1\">Lire plus<\/a>\n              <\/div>\n            <\/div>\n          <\/div>\n          <div class=\"u-list-control\"><\/div>\n        <\/div>\n      <\/div>\n    <\/section>\n    \n    \n    \n  \n","protected":false},"excerpt":{"rendered":"<p>Venez suivre nos actualit\u00e9s La Formation Professionnelle \u00e0 l&rsquo;Horizon 2035 : S&rsquo;adapter aux Transitions Jumelles 15 janvier 2026Non class\u00e9, formateur, intelligence artificielle, Organisme de formation, Qualiopi Analyse prospective des besoins en comp\u00e9tences et des adaptations n\u00e9cessaires \u00e0 l&rsquo;\u00e8re de l&rsquo;IA et de la transition \u00e9cologique Sylvain Delahaye \u2013 &hellip; Lire plus L&rsquo;int\u00e9r\u00eat d&rsquo;avoir du personnel &hellip; <a href=\"https:\/\/www.qualio314.fr\/index.php\/blog\/\" class=\"more-link\">Continue reading<span class=\"screen-reader-text\"> \u00ab\u00a0Blog\u00a0\u00bb<\/span><\/a><\/p>\n","protected":false},"author":1,"featured_media":0,"parent":0,"menu_order":2,"comment_status":"closed","ping_status":"closed","template":"","meta":{"footnotes":""},"class_list":["post-98","page","type-page","status-publish","hentry"],"_links":{"self":[{"href":"https:\/\/www.qualio314.fr\/index.php\/wp-json\/wp\/v2\/pages\/98","targetHints":{"allow":["GET"]}}],"collection":[{"href":"https:\/\/www.qualio314.fr\/index.php\/wp-json\/wp\/v2\/pages"}],"about":[{"href":"https:\/\/www.qualio314.fr\/index.php\/wp-json\/wp\/v2\/types\/page"}],"author":[{"embeddable":true,"href":"https:\/\/www.qualio314.fr\/index.php\/wp-json\/wp\/v2\/users\/1"}],"replies":[{"embeddable":true,"href":"https:\/\/www.qualio314.fr\/index.php\/wp-json\/wp\/v2\/comments?post=98"}],"version-history":[{"count":12,"href":"https:\/\/www.qualio314.fr\/index.php\/wp-json\/wp\/v2\/pages\/98\/revisions"}],"predecessor-version":[{"id":533,"href":"https:\/\/www.qualio314.fr\/index.php\/wp-json\/wp\/v2\/pages\/98\/revisions\/533"}],"wp:attachment":[{"href":"https:\/\/www.qualio314.fr\/index.php\/wp-json\/wp\/v2\/media?parent=98"}],"curies":[{"name":"wp","href":"https:\/\/api.w.org\/{rel}","templated":true}]}}